Let k(j) = 11*j + 4. Calculate k(-3).
-29
Let u(t) = t**3 + 5*t**2 - 7*t - 29. Give u(-5).
6
Let p(c) = -c**3 - 6*c**2 + 4*c - 10. Calculate p(-7).
11
Let t(v) = -v**3 + v**2 + 7*v - 13. Determine t(3).
-10
Let i(r) = -9*r + 152. Determine i(16).
8
Let s(i) = -i**2 + 9*i + 9. Give s(0).
9
Let z(h) = h + 1. Give z(2).
3
Let u(g) = g**3 - 5*g**2 - 8*g + 6. Calculate u(6).
-6
Let p(l) = l**2 + 85*l - 646. What is p(7)?
-2
Let g(o) = -o**3 - 5*o**2 + 13*o + 54. Calculate g(-6).
12
Let g(d) = 3*d**3 - 50*d**2 - 16*d - 22. Calculate g(17).
-5
Let i(l) = l**2 + 5*l - 2. Calculate i(-4).
-6
Let b(n) = -n**2 - 6*n - 3. What is b(-3)?
6
Let k(a) = -a**2 - 14*a - 19. Determine k(-9).
26
Let t(n) = -n**2 + 5*n + 19. What is t(7)?
5
Let k(i) = -24*i - 1. Determine k(1).
-25
Let y(k) = -k**3 - 4*k**2 - 3*k. Determine y(-3).
0
Let t(u) = -2*u**3 + 3*u**2 + 3*u - 2. Give t(3).
-20
Let h(n) = -26*n - 59. Calculate h(-5).
71
Let l(y) = 14*y + 88. Determine l(-5).
18
Let m(z) = 2*z - 20. Calculate m(12).
4
Let w(c) = 26*c**2 - c + 1. Calculate w(1).
26
Let j(z) = -3*z**3 + z**2 + 4*z - 4. Determine j(1).
-2
Let b(q) = -26*q + 16. Determine b(0).
16
Let d(w) = w**2 - 3*w - 21. Calculate d(6).
-3
Let a(r) = -r**3 - 5*r**2 - 6*r - 11. Calculate a(-4).
-3
Let a(c) = c**2 + 10*c - 35. What is a(3)?
4
Let o(p) = -p**2 + 7*p + 8. What is o(4)?
20
Let v(g) = 5*g - 6. Give v(11).
49
Let h(w) = 9*w**2 + 19*w + 8. What is h(-2)?
6
Let f(o) = 7*o + 1. Calculate f(-1).
-6
Let a(u) = 2*u - 15. Determine a(11).
7
Let i(y) = 2*y**3 - 4*y**2 + 3. Calculate i(2).
3
Let a(d) = -2*d + 6. Determine a(5).
-4
Let l(j) = 10*j - 888. Calculate l(88).
-8
Let i(g) = 10*g + 50. What is i(-22)?
-170
Let x(j) = j - 5. Give x(-12).
-17
Let j(l) = 31*l - 496. Calculate j(16).
0
Let t(k) = k + 17. What is t(0)?
17
Let p(s) = s**3 - 9*s**2 + 11*s - 17. Determine p(8).
7
Let s(z) = -2*z**3 - 2*z**2 - 9*z - 1. What is s(-2)?
25
Let x(n) = -3*n**2 - 2*n + 7. Determine x(-3).
-14
Let z(j) = 19*j**3 + 3*j**2 - 4*j + 3. Calculate z(1).
21
Let u(r) = 2*r**2 - 28*r - 35. Determine u(15).
-5
Let u(h) = 7*h + 42. Give u(-5).
7
Let a(v) = 5*v - 32. Give a(21).
73
Let b(y) = y**3 - 7*y**2 - 8. Calculate b(4).
-56
Let v(f) = 12*f - 5. Determine v(3).
31
Let u(w) = -w**3 - 4*w**2 - 4*w. What is u(-3)?
3
Let n(g) = -3*g + 10. Give n(8).
-14
Let w(r) = 4*r - 29. What is w(8)?
3
Let i(h) = -5*h**2 - h - 2. Calculate i(-1).
-6
Let r(t) = 2*t**2 - 24*t - 17. Give r(13).
9
Let v(j) = -j**3 + 11*j**2 - 10*j + 18. Give v(10).
18
Let l(d) = -d**3 - 18*d**2 - 24*d + 3. What is l(-17)?
122
Let a(m) = m**3 - 3*m**2 - 3*m - 5. Determine a(4).
-1
Let v(y) = -y**2 - 7*y + 14. Give v(-7).
14
Let w(c) = -c**3 + 8*c**2 - 5*c - 4. Give w(4).
40
Let m(p) = 5*p + 16. Give m(-9).
-29
Let a(m) = 3*m**2 - 11*m + 4. Determine a(4).
8
Let a(f) = -2*f**2 - 72*f - 3. What is a(-36)?
-3
Let z(j) = j**3 + 8*j**2 + 5*j - 4. What is z(-7)?
10
Let z(m) = -m**2 + 14*m - 44. Determine z(5).
1
Let q(w) = -w**3 + 7*w**2 - 6*w - 5. What is q(6)?
-5
Let m(h) = h**2 - 9*h + 11. Calculate m(8).
3
Let d(q) = -q**2 + 15*q + 39. Calculate d(17).
5
Let m(o) = o**3 + 4*o**2 + 3*o + 3. Calculate m(-2).
5
Let d(r) = -r**3 + 5*r**2 + 15*r - 51. Determine d(6).
3
Let h(p) = -p**2 - 10*p - 9. Determine h(-7).
12
Let i(r) = -2*r**2 - 8*r + 6. Calculate i(-7).
-36
Let z(t) = -t**3 - 8*t**2 - 9*t - 9. Determine z(-7).
5
Let o(z) = z**2 + 21*z + 32. Determine o(-21).
32
Let j(f) = f**3 - 10*f**2 + 8*f + 4. Determine j(9).
-5
Let b(j) = -j**2 + 14*j + 8. Calculate b(18).
-64
Let w(h) = -17*h - 2. Give w(-2).
32
Let r(c) = c**2 - 10*c - 12. Give r(13).
27
Let v(d) = -2*d**2 - 2*d - 31. Give v(0).
-31
Let n(x) = 12*x**2 + 29*x - 9. What is n(-3)?
12
Let l(m) = 4*m - 67. Determine l(17).
1
Let w(o) = o**2 - 4*o - 5. Determine w(0).
-5
Let z(j) = -j**3 - 26*j**2 + 26*j - 32. What is z(-27)?
-5
Let y(r) = r**2 + 9*r - 10. Calculate y(-10).
0
Let f(p) = p**2 + 12*p - 38. What is f(-15)?
7
Let w(k) = -k**2 - 6*k + 5. Determine w(3).
-22
Let q(m) = -5*m - 53. Calculate q(-10).
-3
Let b(h) = 3*h**2 - 70*h + 139. Determine b(2).
11
Let l(v) = v**2 + 16*v + 61. What is l(-13)?
22
Let a(t) = -t**2 - 6*t + 8. Give a(-6).
8
Let x(q) = 15*q - 71. Determine x(5).
4
Let g(r) = -r**2 + 6*r + 5. What is g(-4)?
-35
Let a(g) = g**3 - 38*g**2 + 40*g - 109. What is a(37)?
2
Let h(x) = -x**2 + 22*x + 23. Give h(23).
0
Let s(k) = 4*k**2 - 5*k - 6. What is s(-1)?
3
Let k(x) = x**2 + 25*x + 18. What is k(-24)?
-6
Let v(a) = a**2 - 6*a - 5. Calculate v(-5).
50
Let c(b) = b**3 - 16*b**2 + 2*b - 24. Give c(16).
8
Let h(u) = -3*u - 27. Determine h(0).
-27
Let v(k) = -3*k**2 - k. Determine v(-1).
-2
Let y(i) = -35*i + 285. Give y(8).
5
Let v(u) = u**2 + 13*u + 16. Calculate v(-4).
-20
Let p(z) = z + 1. Give p(-15).
-14
Let u(i) = 5*i**3 - 239*i**2 - 46*i - 98. Give u(48).
-2
Let i(c) = -7*c**2 + 8*c - 11. Determine i(3).
-50
Let r(i) = i**2 + 42*i + 212. Determine r(-6).
-4
Let f(r) = r**3 - 3*r + 2. What is f(2)?
4
Let d(a) = 8*a - 18. Give d(1).
-10
Let v(r) = r**3 + 8*r**2 + 8*r + 2. Calculate v(-5).
37
Let l(o) = -o**3 + 7*o**2 - 11*o + 8. Give l(5).
3
Let p(w) = -w**3 - 30*w**2 - 104*w + 5. Calculate p(-26).
5
Let o(g) = -g**3 + 5*g**2 + 4*g + 11. Give o(5).
31
Let l(h) = -h - 1. Give l(1).
-2
Let i(k) = -k + 31. Give i(12).
19
Let n(h) = 2*h**3 + 19*h**2 - 12*h + 9. Calculate n(-11).
-222
Let d(z) = -z**2 + 16*z - 31. Determine d(15).
-16
Let n(r) = r**3 + 6*r**2 + 15*r + 89. What is n(-6)?
-1
Let u(n) = n**3 - 15*n**2 - 18*n - 33. Determine u(16).
-65
Let o(z) = -3*z**2 + 11*z + 2. Calculate o(-3).
-58
Let k(h) = -h**2 + 33. Determine k(-6).
-3
Let q(w) = 11*w**3 + 1. Determine q(1).
12
Let a(y) = 43*y**3 - 2*y - 1. What is a(-1)?
-42
Let g(s) = -5*s + 70. Calculate g(18).
-20
Let w(m) = m**2 + 6*m + 9. Give w(-5).
4
Let r(k) = -3*k + 9. Calculate r(6).
-9
Let d(y) = -y**3 + 15*y**2 - 15*y + 34. Calculate d(14).
20
Let d(x) = 3*x**2 + 2. Give d(3).
29
Let i(w) = w**2 + 35*w - 101. Calculate i(-38).
13
Let x(a) = -a**2 - 22*a - 26. What is x(-21)?
-5
Let t(z) = z**3 + 7*z - 15. What is t(2)?
7
Let b(c) = c**3 + 2*c**2 - 66. Calculate b(0).
-66
Let j(g) = -2*g + 75. Calculate j(28).
19
Let n(b) = -5*b**2 - 33*b + 11. Calculate n(-7).
-3
Let a(p) = 3*p**2 + 5*p - 3. Give a(3).
39
Let s(j) = 5*j**2 + 47*j + 11. What is s(-9)?
-7
Let r(s) = s**2 + 9*s + 4. Calculate r(-5).
-16
Let x(g) = 4*g + 10. Give x(-6).
-14
Let j(x) = -15*x**2 + 2*x - 2. Give j(2).
-58
Let t(g) = -2*g**3 - 2*g**2 + g - 2. What is t(-2)?
4
Let i(n) = 16*n - 116. Determine i(8).
12
Let y(k) = k - 9. Determine y(15).
6
Let u(l) = l**2 - 16*l + 7. Calculate u(16).
7
Let m(w) = w**3 - 46*w**2 + w - 88. What is m(46)?
-42
Let o(s) = s**2 + 2*s - 2. Give o(0).
-2
Let x(v) = v**3 - 5*v**2 - 18*v + 4. Give x(7).
-24
Let m(i) = i**2 + 8*i - 4. Determine m(0).
-4
Let k(m) = -m**3 - 9*m**2 + 10*m - 18. Calculate k(-10).
-18
Let f(t) = -t**3 + 7*t**2 - t - 3. Determine f(7).
-10
Let y(m) = m**2 - 4*m + 5. What is y(2)?
1
Let i(z) = 2*z + 14. Calculate i(-7).
0
Let z(n) = 5*n**2 + 4*n - 7. Calculate z(2).
21
Let f(z) = -z**2 + z + 21. What is f(-6)?
-21
Let a(z) = -7*z**2 - z. Determine a(2).
-30
Let d(u) = -2*u + 8. What is d(5)?
-2
Let t(w) = -4*w**2 - 81*w - 22. What is t(-20)?
-2
Let y(u) = -u + 1. Give y(3).
-2
Let k(s) = 15*s + 21. Calculate k(6).
111
Let b(f) = f**3 - 29*f**2 - 60*f - 70. What is b(31)?
-8
Let g(m) = m**2 + 52*m + 141. Determine g(-49).
-6
Let b(x) = -2*x**3 - 6*x**2 - 2*x - 4. Calculate b(-4).
36
Let n(z) = 2*z**3 + 5*z**2 - 5*z - 5. Calculate n(-4).
-33
Let l(b) = -b**2 - 6*b - 1. Determine l(-6).
-1
Let a(v) = v**2 + 8*v - 13. Give a(-12).
35
Let g(h) = h**2 - 22*h + 105. What is g(16)?
9
Let b(p) = -p + 41. Determine b(0).
41
Let b(j) = j**3 - 5*j**2 + 6*j - 4. Determine b(5).
26
Let l(y) = -2*y + 28. Determine l(27).
-26
Let u(i) = 114*i**3 + 2*i**2 + 2*i + 1. Determine u(-1).
-113
Let v(r) = r**2 + 7*r + 8. What is v(-4)?
-4
Let k(v) = -7*v - 93. Determine k(-14).
5
Let r(l) = -l**2 + 2*l + 8. What is r(-3)?
-7
Let u(t) = -3*t - 5. Calculate u(-8).
19
Let k(g) = g**2 - 15*g - 72. What is k(19)?
4
Let b(l) = l**2 - 32*l. Calculate b(32).
0
Let u(b) = 3*b + 3. What is u(6)?
21
Let p(f) = -f**3 + 10*f**